 = -2*u - 7 + 46*u - 30*u - 4*u. Calculate q(5).
43
Suppose 342 = 79*n - 73*n. Let a = n - 56. Let i(q) = 18*q**3 + q**2 - 2*q + 1. Calculate i(a).
18
Let h(v) = 5*v - 31. Let t(y) be the second derivative of -y**3/2 + 15*y**2/2 + 103*y. Let l(o) = 2*h(o) + 5*t(o). Give l(6).
-17
Let o(r) = r**3 + 9*r**2 - 12*r - 14. Let q be 5 - (-2 - (27 + 1)). Suppose -34*w + q*w - 1 = 0. Suppose -2*n - 19 = w. Calculate o(n).
6
Let l(h) be the third derivative of -3*h + 0 - 7/24*h**4 - 1/60*h**5 - 3*h**2 - 1/2*h**3. Let v(c) = c**2 - 6*c - 2. Let x be v(5). What is l(x)?
-3
Let r(a) be the third derivative of -a**6/120 + a**5/20 + a**4/12 + a**3/6 - 6947*a**2. Determine r(6).
-95
Let w = -6 - -2. Let h(d) = -371*d - 4*d**2 + 374*d - 4 - d**3 + d**2. Determine h(w).
0
Suppose 3*k - 214 = 161. Suppose 6*b - b - k = 0. Suppose 28 = 4*j + 5*p, 0 = 4*j - p - b - 3. Let r(c) = c**3 - 8*c**2 + 6*c + 9. Determine r(j).
2
Let i(b) = -96*b + 18. Let o be i(-2). Suppose 9*h + h - o = 0. Suppose -11 = -16*y + h. Let x(k) = 4*k**3 - k**2 - 3*k + 3. What is x(y)?
25
Let x be -14*12/210*-5. Let w(u) = 85*u + 86*u + x*u**2 - 2 - 170*u. What is w(-2)?
12
Let q(a) = 7*a**3 + 27*a**2 + 69*a - 32. Let j(n) = 3*n**3 + 13*n**2 + 31*n - 16. Let t(r) = 9*j(r) - 4*q(r). What is t(9)?
11
Suppose 0 = -4*g - 4 - 0. Let f(s) = -2*s + 27. Let x be f(13). Let a(d) = x + 504*d + d**2 - 503*d - 6*d**2. What is a(g)?
-5
Let x(n) be the third derivative of n**8/6720 + 2*n**5/15 + 13*n**4/24 + n**3/6 + 38*n**2. Let r(o) be the second derivative of x(o). Determine r(0).
16
Let j(q) = -3*q - 48. Suppose -4*l + 74*a - 94 = 67*a, 0 = -3*l - 4*a - 52. Give j(l).
12
Let o be (-44)/(-6)*(-12)/96*12. Let g be (-51)/204 + o/4. Let k(p) be the second derivative of -p**5/20 - p**4/3 - 2*p**3/3 + p**2/2 - p. What is k(g)?
4
Suppose -3*x + 44 = 8*x. Suppose -m = c - x, -26 = -4*m - m + c. Suppose -m*r + r = 16. Let p(a) = -a**3 - 3*a**2 + 3*a + 1. Calculate p(r).
5
Let b(r) = -2*r**2 - 29*r + 2. Let n(w) be the first derivative of -w**3/3 - 15*w**2/2 + 2*w - 32. Let u(k) = -6*b(k) + 11*n(k). Give u(-6).
-8
Suppose -p = -3*p + 4. Let w(f) = -1065*f - 10. Let g(j) = 1599*j + 11. Let z(t) = -2*g(t) - 3*w(t). Calculate z(p).
2
Let k(c) = -2*c + 20 + 6*c - 7*c + 12*c. Let d be k(-2). Let y(o) = -4*o + d + 5 - 4. Determine y(4).
-13
Let x be ((-290)/30 - -11)/(4/(-48)). Let b(f) = -f**2 - 12*f + 61. What is b(x)?
-3
Let l(r) = -16*r**2 - 2*r - 39. Let c(a) = -9*a**2 - a - 20. Let w(u) = -11*c(u) + 6*l(u). Determine w(5).
56
Let x = -350 + 354. Let j(f) = 14*f + 3. Let d(a) = 3*a - 1. Let q(l) = x*d(l) - j(l). Calculate q(-14).
21
Let i(q) be the first derivative of -20 + 1/2*q**4 + q - 2/3*q**3 + 0*q**2. Determine i(-1).
-3
Let z(t) = -t**2 - 7*t + 44. Let o be z(-11). Let f be (1 - 0)*(12/3 - o). Let p(v) = 3 - 9*v**3 - f*v**3 + 14*v**3 - 9*v - 8*v**2. Calculate p(9).
3
Suppose -57 + 49 + 38 = 5*k. Let q(s) = s**3 - 8*s**2 + 7*s + 9. What is q(k)?
-21
Let y(v) = v**2 - v - 9. Let f be y(-3). Let k(m) = m**f - 10*m**2 + 5*m - 2 + 2*m**2 + 9 + 0. Suppose 0*o = 4*o - 28. Give k(o).
-7
Suppose 79*f - 99 = -80*f + 168*f. Let o(l) = -l + 35. What is o(f)?
46
Let q = 2 + -2. Let a(n) = 149 - 29 - 26 - 29 - 37 + n - 30. Determine a(q).
-2
Let h = -322 + 333. Let g(j) = 13*j - 4. Let p(z) = -7*z + 1. Let v(i) = h*p(i) + 6*g(i). What is v(0)?
-13
Suppose -17*l + 15*l = 4*t - 40, 0 = -t + 2*l + 10. Let k(f) be the second derivative of -t*f + 2/3*f**4 + 0 - 1/20*f**5 + 4/3*f**3 + 7/2*f**2. Calculate k(9).
-2
Let p(a) be the third derivative of a**6/90 + 11*a**4/24 - a**3/3 + 91*a**2. Let x(v) be the second derivative of p(v). Determine x(3).
24
Let x(p) = -54*p - 36 + 40*p - 27*p**2 + 26*p**2. Determine x(-9).
9
Let j(x) = 49*x - 210. Let h(z) = -9*z + 41. Let a(l) = 21*h(l) + 4*j(l). What is a(4)?
49
Let x(p) be the third derivative of 0 + 0*p + 39*p**2 + 11/6*p**3 - 1/40*p**5 - 5/24*p**4. Let b(m) be the first derivative of x(m). What is b(-5)?
10
Let y(v) be the second derivative of 5 - 3/2*v**2 + 1/20*v**5 + 2*v + 1/4*v**4 - 5/6*v**3. Calculate y(-4).
1
Let n = -10 - -7. Let d(h) = -7220 + 3611 + h + 3613. Give d(n).
1
Let p(d) = 1. Let j(g) = g**2 - 8*g + 12. Let q(y) = j(y) - 2*p(y). Suppose 4*z + 5*z = 63. Suppose -4*w + 21 + z = 0. Calculate q(w).
3
Let f(b) = -295746*b**2 + 3*b - b - 1 + 147862*b**2 + 147875*b**2. Let d = 6 - 5. Give f(d).
-8
Let o(a) = -47*a - 1502. Let b be o(-32). Let z be 35/15 + 1/(-3). Let w(g) = z + 0 - 3 + 4*g. Determine w(b).
7
Let s(o) be the first derivative of -6*o**3 - 43*o**2/2 - o + 1641. What is s(-2)?
13
Let a(k) = 0 + 0*k - k + 7*k**2 - 1 + 6 + k**3. Suppose 0*l = 4*l + 40. Let p be 256/(-40) + 6/l. Give a(p).
12
Let f(d) = 24*d - 1. Let o be -1*(1 - -4 - 46). Let t = o + -40. Determine f(t).
23
Let a(s) = 20*s + 33. Let z(m) = 14*m + 138. Let l be z(-10). What is a(l)?
-7
Let c(a) = -2*a + 32. Let k(i) = 13*i - 225. Let l(n) = -7*c(n) - k(n). Let x = 2 - -1. Suppose 15 = x*y - 0*y. What is l(y)?
6
Let j(r) = 252*r + 1. Let p(i) = 209*i + 1. Let w(q) = 5*j(q) - 6*p(q). Suppose -2*h = y - 11, 3*h - 5*y = -0*y - 3. Give w(h).
23
Let z(h) be the first derivative of 23*h**3/3 + h + 4253. Calculate z(1).
24
Suppose 5*q + 18 = 53. Let i be 11/(2*(-3)/(-6)). Let m(b) = -1 - b - 2 + 0 + i. What is m(q)?
1
Suppose 3*u - 13 = 3*q - 2*u, -3*q + 3*u = 9. Let b(f) = -14*f - 1. What is b(q)?
13
Suppose 28*h = -3*g + 23*h + 2, -38 = 5*g - 2*h. Let r(n) = -n**3 - 7*n**2 - 5*n + 6. What is r(g)?
0
Let z be (432/168)/(2/14). Let i(w) = 3*w**2 + 6*w - 2 - 17*w - 5*w**2 + z*w. Let c be 15/(-2)*2/(-3). Give i(c).
-17
Let j(w) = 3*w + 5. Let n(v) = -v**3 - 7*v**2 + 3*v - 12. Let y be n(-10). Suppose 10*o = 12*o + y. Let u = o + 125. Calculate j(u).
-7
Suppose 4*k - 6 = -34. Let c = 163 - 161. Let l(u) = -28*u**2 + 29*u**c - 6*u + 7 + 5*u**2 + u**3. Calculate l(k).
0
Let m(w) = 2*w**2 + w - 4. Suppose 36 = -9*b + 6*b. Let k = -8 - b. Let j be (12/9 - 2)/(k/18). What is m(j)?
11
Suppose 4*b + 20 = 3*a - 15, 2*b + 7*a - 25 = 0. Let u(i) = 2*i**3 + 11*i**2 + 5*i - 5. Give u(b).
-5
Let j be 16 + -1 - 0*(-1)/4. Suppose j = o - r, 5*o = -2*r - 3*r + 45. Let x be 6 + (-56)/o - (-1)/(-3). Let l(q) = -4*q - 1. What is l(x)?
-5
Let j(g) = 2*g**2 + g - 6. Suppose 5 = 3*c - 1. Let r be j(c). Let h(x) = x**2 - 2*x. Determine h(r).
8
Let m(d) = 8*d**3 + 8*d**2 + d + 22. Let v(o) = -7*o**3 - 7*o**2 - 21. Let b(c) = 8*m(c) + 9*v(c). Give b(0).
-13
Suppose -a + 4*l = -13, 13*a - 7*l - 39 = 8*a. Let m(s) = 6*s**2 - 23*s - 17. Calculate m(a).
18
Let d(c) = -14*c - 2. Let x be (4 - 5 - -1)/(-1). Let l be d(x). Let m(g) = -3 - 4 - 2*g + 4. Determine m(l).
1
Let c(u) = -9*u**2 - 11*u + 41. Let q(d) = 23*d**2 + 21*d - 84. Let b(k) = 5*c(k) + 2*q(k). What is b(7)?
-5
Suppose -14*p + 177 + 5 = 0. Suppose -5*i = -f + p, 5*f - 2*i - 7 - 173 = 0. Let h(n) = -2*n + n - 53 + f. What is h(0)?
-15
Let y be (7/(-4))/((-5)/200). Let i = y - 68. Let w(o) = 5*o - o**i + 134 - 136 - o. Give w(5).
-7
Suppose 0 = p + 3*p + 4. Let u = p + 5. Let z(m) = 7*m**2 - 8*m - 26. Let q(l) = 17*l**2 - 18*l - 66. Let i(y) = 2*q(y) - 5*z(y). Determine i(u).
-2
Let g = 17137 - 17147. Let s(v) be the third derivative of -v**6/120 - v**5/6 + v**4/12 - 13*v**3/6 - 3*v**2. Determine s(g).
-33
Let f(p) = -2*p - 5*p + 34 + 35 - 6 + 18. What is f(12)?
-3
Let q(w) = w**3 + 3*w**2 - 4*w - 3. Suppose -2*i = -4*d + 28, 22 + 14 = -3*i + 3*d. Let p be ((-56)/49)/(i/(-35)). What is q(p)?
-3
Let s(v) = 8*v + 3. Let i(r) = 8*r + 4. Let b(u) = -2*i(u) + 3*s(u). Let f(g) = 2 + 3*g + 18*g - 2 - 3 - 36*g. Let y(h) = 11*b(h) + 6*f(h). Calculate y(7).
-21
Suppose -8*m = -0 - 24. Let y(s) = -3*s**2 + 4*s + 3. Let c be y(m). Let p be -10*2/c*(-3 - 0). Let b(r) = r - 2. Give b(p).
-7
Let o(s) = 49 - 17 - 2 + 28 - 3*s + 8. What is o(23)?
-3
Let l(d) = d**3 + 6*d**2 + d + 15. Let b = -5825 - -5819. Calculate l(b).
9
Suppose 5*b + 3*g - 99 = 0, -b - 12 = -2*b + 2*g. Suppose 2*n - 5*o + b = -0*o, -o + 1 = -3*n. Let k(y) = -7*y + 25 - 24 - 6*y + 5*y - 6*y. Give k(n).
-13
Suppose -5*l + 3*v - 40 = -47, 5*l = -5*v + 15. Let r(z) = 5 + 31*z + 34*z - 72*z + l*z**2 - 3*z**2 + z**3 - 4*z**2. Determine r(6).
-1
Let t(n) be the third derivative of n**4/8 + 5*n**3 - 2241*n**2. What is 